{"id":24869,"date":"2022-07-29T09:42:29","date_gmt":"2022-07-29T09:42:29","guid":{"rendered":"https:\/\/initiativkreis-nordstadt.de\/?page_id=24869"},"modified":"2023-05-28T09:19:30","modified_gmt":"2023-05-28T09:19:30","slug":"25-jahre-chronik","status":"publish","type":"page","link":"https:\/\/initiativkreis-nordstadt.de\/?page_id=24869","title":{"rendered":"25 Jahre Chronik"},"content":{"rendered":"\n[et_pb_section fb_built=&#8220;1&#8243; _builder_version=&#8220;4.17.6&#8243; _module_preset=&#8220;default&#8220; background_color=&#8220;rgba(24,135,109,0.39)&#8220; global_colors_info=&#8220;{}&#8220;][et_pb_row _builder_version=&#8220;4.17.6&#8243; _module_preset=&#8220;default&#8220; global_colors_info=&#8220;{}&#8220;][et_pb_column type=&#8220;4_4&#8243; _builder_version=&#8220;4.17.6&#8243; _module_preset=&#8220;default&#8220; global_colors_info=&#8220;{}&#8220;][et_pb_blurb title=&#8220;25 Jahre &#8211; viel passiert und noch mehr erreicht&#8220; image=&#8220;https:\/\/initiativkreis-nordstadt.de\/wp-content\/uploads\/2022\/08\/Titel_Chronk.jpg&#8220; _builder_version=&#8220;4.17.6&#8243; _module_preset=&#8220;default&#8220; header_level=&#8220;h3&#8243; header_font=&#8220;Oswald|700||on|||||&#8220; header_text_align=&#8220;center&#8220; header_text_color=&#8220;#12876F&#8220; header_font_size=&#8220;43px&#8220; body_font=&#8220;Source Sans Pro||||||||&#8220; body_text_color=&#8220;#000000&#8243; body_line_height=&#8220;1.4em&#8220; custom_margin=&#8220;0px||||false|false&#8220; custom_padding=&#8220;0px||0px||false|false&#8220; border_radii_image=&#8220;on|20px|20px|20px|20px&#8220; border_width_all_image=&#8220;1px&#8220; global_colors_info=&#8220;{}&#8220;]<p style=\"text-align: left;\">Anl\u00e4sslich des 25-j\u00e4hrigen Jubil\u00e4ums hat der Initiativkreis eine Chronik, in gedruckter Form, herausgegeben.<\/p>\n<p>Sie haben die M\u00f6glichkeit die komplette Chronik als PDF herunterzuladen.<\/p>\n<p>Das das PDF, aufgrund vieler Bilder und Texte, 22 MB gro\u00df ist, empfehlen wir den Download \u00fcber WLAN, um ihr mobiles Datenvolumen zu schonen.<\/p>[\/et_pb_blurb][et_pb_button button_url=&#8220;https:\/\/initiativkreis-nordstadt.de\/wp-content\/uploads\/2022\/07\/Chronik_Initiativkreis.pdf&#8220; url_new_window=&#8220;on&#8220; button_text=&#8220;Chronik als PDF downloaden&#8220; button_alignment=&#8220;center&#8220; _builder_version=&#8220;4.17.6&#8243; _module_preset=&#8220;default&#8220; custom_button=&#8220;on&#8220; button_text_size=&#8220;22px&#8220; button_text_color=&#8220;#FFFFFF&#8220; button_bg_color=&#8220;#12876F&#8220; button_border_width=&#8220;21px&#8220; button_border_color=&#8220;#12876F&#8220; button_border_radius=&#8220;27px&#8220; button_letter_spacing=&#8220;0px&#8220; button_font=&#8220;Oswald||||||||&#8220; button_use_icon=&#8220;off&#8220; background_layout=&#8220;dark&#8220; custom_margin=&#8220;20px||||false|false&#8220; custom_padding=&#8220;10px||||false|false&#8220; animation_style=&#8220;slide&#8220; global_colors_info=&#8220;{}&#8220; button_bg_color__hover_enabled=&#8220;on|hover&#8220; button_bg_color__hover=&#8220;#043517&#8243; button_bg_enable_color__hover=&#8220;on&#8220; button_border_color__hover_enabled=&#8220;on|hover&#8220; button_border_color__hover=&#8220;#043517&#8243;][\/et_pb_button][\/et_pb_column][\/et_pb_row][\/et_pb_section]\n","protected":false},"excerpt":{"rendered":"<p>Anl\u00e4sslich des 25-j\u00e4hrigen Jubil\u00e4ums hat der Initiativkreis eine Chronik, in gedruckter Form, herausgegeben. Sie haben die M\u00f6glichkeit die komplette Chronik als PDF herunterzuladen. Das das PDF, aufgrund vieler Bilder und Texte, 22 MB gro\u00df ist, empfehlen wir den Download \u00fcber WLAN, um ihr mobiles Datenvolumen zu schonen.<\/p>\n","protected":false},"author":2,"featured_media":0,"parent":0,"menu_order":0,"comment_status":"closed","ping_status":"closed","template":"","meta":{"_et_pb_use_builder":"on","_et_pb_old_content":"","_et_gb_content_width":"","footnotes":""},"class_list":["post-24869","page","type-page","status-publish","hentry"],"_links":{"self":[{"href":"https:\/\/initiativkreis-nordstadt.de\/index.php?rest_route=\/wp\/v2\/pages\/24869","targetHints":{"allow":["GET"]}}],"collection":[{"href":"https:\/\/initiativkreis-nordstadt.de\/index.php?rest_route=\/wp\/v2\/pages"}],"about":[{"href":"https:\/\/initiativkreis-nordstadt.de\/index.php?rest_route=\/wp\/v2\/types\/page"}],"author":[{"embeddable":true,"href":"https:\/\/initiativkreis-nordstadt.de\/index.php?rest_route=\/wp\/v2\/users\/2"}],"replies":[{"embeddable":true,"href":"https:\/\/initiativkreis-nordstadt.de\/index.php?rest_route=%2Fwp%2Fv2%2Fcomments&post=24869"}],"version-history":[{"count":17,"href":"https:\/\/initiativkreis-nordstadt.de\/index.php?rest_route=\/wp\/v2\/pages\/24869\/revisions"}],"predecessor-version":[{"id":25876,"href":"https:\/\/initiativkreis-nordstadt.de\/index.php?rest_route=\/wp\/v2\/pages\/24869\/revisions\/25876"}],"wp:attachment":[{"href":"https:\/\/initiativkreis-nordstadt.de\/index.php?rest_route=%2Fwp%2Fv2%2Fmedia&parent=24869"}],"curies":[{"name":"wp","href":"https:\/\/api.w.org\/{rel}","templated":true}]}}

[et_pb_section fb_built=&#8220;1&#8243; _builder_version=&#8220;4.17.6&#8243; _module_preset=&#8220;default&#8220; background_color=&#8220;rgba(24,135,109,0.39)&#8220; global_colors_info=&#8220;{}&#8220;][et_pb_row _builder_version=&#8220;4.17.6&#8243; _module_preset=&#8220;default&#8220; global_colors_info=&#8220;{}&#8220;][et_pb_column type=&#8220;4_4&#8243; _builder_version=&#8220;4.17.6&#8243; _module_preset=&#8220;default&#8220; global_colors_info=&#8220;{}&#8220;][et_pb_blurb title=&#8220;25 Jahre &#8211; viel passiert und noch mehr erreicht&#8220; image=&#8220;https://initiativkreis-nordstadt.de/wp-content/uploads/2022/08/Titel_Chronk.jpg&#8220; _builder_version=&#8220;4.17.6&#8243; _module_preset=&#8220;default&#8220; header_level=&#8220;h3&#8243; header_font=&#8220;Oswald|700||on|||||&#8220; header_text_align=&#8220;center&#8220; header_text_color=&#8220;#12876F&#8220; header_font_size=&#8220;43px&#8220; body_font=&#8220;Source Sans Pro||||||||&#8220; body_text_color=&#8220;#000000&#8243; body_line_height=&#8220;1.4em&#8220; custom_margin=&#8220;0px||||false|false&#8220; custom_padding=&#8220;0px||0px||false|false&#8220; border_radii_image=&#8220;on|20px|20px|20px|20px&#8220; border_width_all_image=&#8220;1px&#8220; global_colors_info=&#8220;{}&#8220;]<p style="text-align: left;">Anlässlich des 25-jährigen Jubiläums hat der Initiativkreis eine Chronik, in gedruckter Form, herausgegeben.</p>
<p>Sie haben die Möglichkeit die komplette Chronik als PDF herunterzuladen.</p>
<p>Das das PDF, aufgrund vieler Bilder und Texte, 22 MB groß ist, empfehlen wir den Download über WLAN, um ihr mobiles Datenvolumen zu schonen.</p>[/et_pb_blurb][et_pb_button button_url=&#8220;https://initiativkreis-nordstadt.de/wp-content/uploads/2022/07/Chronik_Initiativkreis.pdf&#8220; url_new_window=&#8220;on&#8220; button_text=&#8220;Chronik als PDF downloaden&#8220; button_alignment=&#8220;center&#8220; _builder_version=&#8220;4.17.6&#8243; _module_preset=&#8220;default&#8220; custom_button=&#8220;on&#8220; button_text_size=&#8220;22px&#8220; button_text_color=&#8220;#FFFFFF&#8220; button_bg_color=&#8220;#12876F&#8220; button_border_width=&#8220;21px&#8220; button_border_color=&#8220;#12876F&#8220; button_border_radius=&#8220;27px&#8220; button_letter_spacing=&#8220;0px&#8220; button_font=&#8220;Oswald||||||||&#8220; button_use_icon=&#8220;off&#8220; background_layout=&#8220;dark&#8220; custom_margin=&#8220;20px||||false|false&#8220; custom_padding=&#8220;10px||||false|false&#8220; animation_style=&#8220;slide&#8220; global_colors_info=&#8220;{}&#8220; button_bg_color__hover_enabled=&#8220;on|hover&#8220; button_bg_color__hover=&#8220;#043517&#8243; button_bg_enable_color__hover=&#8220;on&#8220; button_border_color__hover_enabled=&#8220;on|hover&#8220; button_border_color__hover=&#8220;#043517&#8243;][/et_pb_button][/et_pb_column][/et_pb_row][/et_pb_section]

<p>Anlässlich des 25-jährigen Jubiläums hat der Initiativkreis eine Chronik, in gedruckter Form, herausgegeben. Sie haben die Möglichkeit die komplette Chronik als PDF herunterzuladen. Das das PDF, aufgrund vieler Bilder und Texte, 22 MB groß ist, empfehlen wir den Download über WLAN, um ihr mobiles Datenvolumen zu schonen.</p>
